he remainder when 1952637 is divided by 48.
45
What is the remainder when 747 is divided by 242?
21
What is the remainder when 18722 is divided by 18697?
25
Calculate the remainder when 27232 is divided by 1433.
5
Calculate the remainder when 28190 is divided by 222.
218
Calculate the remainder when 112621 is divided by 16063.
180
What is the remainder when 1556 is divided by 36?
8
What is the remainder when 53429 is divided by 1161?
23
Calculate the remainder when 385951 is divided by 102.
85
What is the remainder when 927 is divided by 898?
29
What is the remainder when 729 is divided by 68?
49
What is the remainder when 70475 is divided by 23489?
8
What is the remainder when 13601 is divided by 42?
35
Calculate the remainder when 9114269 is divided by 33.
32
Calculate the remainder when 173711 is divided by 176.
175
Calculate the remainder when 3505 is divided by 808.
273
What is the remainder when 17234 is divided by 4?
2
Calculate the remainder when 9955 is divided by 9930.
25
Calculate the remainder when 1598 is divided by 1390.
208
Calculate the remainder when 29379 is divided by 452.
451
Calculate the remainder when 386643 is divided by 62.
11
Calculate the remainder when 67033 is divided by 11.
10
Calculate the remainder when 29151 is divided by 14559.
33
Calculate the remainder when 1564 is divided by 337.
216
What is the remainder when 5050 is divided by 462?
430
Calculate the remainder when 33340 is divided by 202.
10
What is the remainder when 141936 is divided by 63?
60
Calculate the remainder when 68226 is divided by 133.
130
Calculate the remainder when 144729 is divided by 52.
13
What is the remainder when 876 is divided by 240?
156
Calculate the remainder when 239307 is divided by 167.
163
What is the remainder when 8324 is divided by 17?
11
Calculate the remainder when 4980 is divided by 887.
545
Calculate the remainder when 2252 is divided by 85.
42
Calculate the remainder when 5346 is divided by 1066.
16
What is the remainder when 1130599 is divided by 467?
459
Calculate the remainder when 3953 is divided by 77.
26
What is the remainder when 61806 is divided by 1343?
28
What is the remainder when 78967 is divided by 49?
28
What is the remainder when 14449 is divided by 14422?
27
What is the remainder when 3297 is divided by 219?
12
Calculate the remainder when 208740 is divided by 245.
0
What is the remainder when 3504 is divided by 85?
19
What is the remainder when 132015 is divided by 2694?
9
What is the remainder when 10512 is divided by 351?
333
Calculate the remainder when 905133 is divided by 64651.
19
What is the remainder when 45758 is divided by 143?
141
Calculate the remainder when 273321 is divided by 137.
6
What is the remainder when 873 is divided by 465?
408
Calculate the remainder when 343148 is divided by 171568.
12
Calculate the remainder when 152024 is divided by 7.
5
Calculate the remainder when 19265 is divided by 567.
554
What is the remainder when 511930 is divided by 444?
442
Calculate the remainder when 5663 is divided by 258.
245
What is the remainder when 268062 is divided by 9?
6
Calculate the remainder when 23189 is divided by 29.
18
What is the remainder when 46981 is divided by 264?
253
Calculate the remainder when 593 is divided by 265.
63
Calculate the remainder when 1359662 is divided by 594.
590
What is the remainder when 38375 is divided by 156?
155
What is the remainder when 2717256 is divided by 28?
24
Calculate the remainder when 619535 is divided by 309.
299
What is the remainder when 77235 is divided by 45?
15
What is the remainder when 1156 is divided by 89?
88
What is the remainder when 19962 is divided by 56?
26
Calculate the remainder when 18000 is divided by 691.
34
What is the remainder when 2119387 is divided by 42?
25
What is the remainder when 20166 is divided by 1186?
4
Calculate the remainder when 29456 is divided by 409.
8
Calculate the remainder when 11906 is divided by 3966.
8
What is the remainder when 7370 is divided by 138?
56
What is the remainder when 793431 is divided by 328?
327
What is the remainder when 13113 is divided by 171?
117
What is the remainder when 147888 is divided by 147887?
1
Calculate the remainder when 2704 is divided by 23.
13
What is the remainder when 887930 is divided by 9?
8
Calculate the remainder when 6225 is divided by 3096.
33
What is the remainder when 60363 is divided by 30174?
15
Calculate the remainder when 262 is divided by 38.
34
What is the remainder when 23037 is divided by 885?
27
What is the remainder when 2701 is divided by 229?
182
Calculate the remainder when 6043 is divided by 1900.
343
What is the remainder when 360535 is divided by 22?
21
Calculate the remainder when 155011 is divided by 62.
11
Calculate the remainder when 5283 is divided by 5272.
11
Calculate the remainder when 31056 is divided by 144.
96
What is the remainder when 536810 is divided by 536798?
12
Calculate the remainder when 19394 is divided by 1917.
224
Calculate the remainder when 33565 is divided by 746.
741
Calculate the remainder when 139836 is divided by 77.
4
Calculate the remainder when 1229295 is divided by 36.
3
Calculate the remainder when 3321 is divided by 98.
87
Calculate the remainder when 119584 is divided by 273.
10
What is the remainder when 583991 is divided by 146?
137
What is the remainder when 1583262 is divided by 131?
127
What is the remainder when 45749 is divided by 164?
157
What is the remainder when 107429 is divided by 232?
13
What is the remainder when 17506 is divided by 3?
1
What is the remainder when 75840 is divided by 509?
508
What is the remainder when 1587 is divided by 713?
161
Calculate the remainder when 106026 is divided by 21.
18
What is the remainder when 8571 is divided by 503?
20
What is the remainder when 155748 is divided by 59?
47
What is the remainder when 7511 is divided by 44?
31
Calculate the remainder when 8955 is divided by 472.
459
What is the remainder when 13767 is divided by 1070?
927
What is the remainder when 3480 is divided by 281?
108
What is the remainder when 438025 is divided by 186?
181
What is the remainder when 49722 is divided by 401?
399
Calculate the remainder when 49970 is divided by 331.
320
Calculate the remainder when 16685 is divided by 2348.
249
What is the remainder when 149215 is divided by 2406?
43
Calculate the remainder when 424051 is divided by 889.
887
What is the remainder when 142433 is divided by 467?
465
Calculate the remainder when 20345 is divided by 1.
0
What is the remainder when 39332 is divided by 127?
89
What is the remainder when 4134 is divided by 17?
3
What is the remainder when 16825 is divided by 187?
182
Calculate the remainder when 11035 is divided by 55.
35
What is the remainder when 4287 is divided by 414?
147
Calculate the remainder when 132151 is divided by 609.
607
Calculate the remainder when 51488 is divided by 5720.
8
Calculate the remainder when 10204 is divided by 442.
38
Calculate the remainder when 19045 is divided by 6335.
40
What is the remainder when 62925 is divided by 310?
305
Calculate the remainder when 471307 is divided by 478.
477
Calculate the remainder when 10045 is divided by 213.
34
Calculate the remainder when 43951 is divided by 376.
335
What is the remainder when 14493 is divided by 3029?
2377
What is the remainder when 110600 is divided by 13?
9
What is the remainder when 238648 is divided by 14914?
24
What is the remainder when 13905 is divided by 61?
58
What is the remainder when 5076 is divided by 4225?
851
Calculate the remainder when 125293 is divided by 107.
103
Calculate the remainder when 2464 is divided by 260.
124
Calculate the remainder when 938 is divided by 56.
42
What is the remainder when 1846 is divided by 16?
6
Calculate the remainder when 7820 is divided by 2604.
8
What is the remainder when 891 is divided by 368?
155
Calculate the remainder when 3325 is divided by 1460.
405
Calculate the remainder when 3236 is divided by 1035.
131
Calculate the remainder when 20631 is divided by 1719.
3
Calculate the remainder when 124176 is divided by 12417.
6
Calculate the remainder when 447146 is divided by 115.
26
What is the remainder when 18435 is divided by 159?
150
Calculate the remainder when 3520659 is divide